digit of 20438?
3
What is the hundreds digit of 5941?
9
What is the units digit of 5329?
9
What is the hundreds digit of 16881?
8
What is the units digit of 26393?
3
What is the hundreds digit of 14711?
7
What is the units digit of 129720?
0
What is the units digit of 664?
4
What is the ten thousands digit of 24722?
2
What is the units digit of 620?
0
What is the thousands digit of 2320?
2
What is the tens digit of 31159?
5
What is the tens digit of 2321?
2
What is the thousands digit of 6804?
6
What is the units digit of 2086?
6
What is the hundreds digit of 508?
5
What is the ten thousands digit of 54642?
5
What is the hundreds digit of 22062?
0
What is the thousands digit of 1526?
1
What is the tens digit of 644?
4
What is the tens digit of 262?
6
What is the tens digit of 31152?
5
What is the hundreds digit of 560?
5
What is the tens digit of 47683?
8
What is the tens digit of 58006?
0
What is the tens digit of 857?
5
What is the tens digit of 1267?
6
What is the ten thousands digit of 140837?
4
What is the tens digit of 609?
0
What is the ten thousands digit of 14702?
1
What is the thousands digit of 1915?
1
What is the tens digit of 53090?
9
What is the units digit of 7036?
6
What is the tens digit of 7013?
1
What is the tens digit of 5589?
8
What is the thousands digit of 1144?
1
What is the tens digit of 107562?
6
What is the hundreds digit of 184?
1
What is the units digit of 9453?
3
What is the hundreds digit of 78595?
5
What is the ten thousands digit of 78907?
7
What is the units digit of 4489?
9
What is the hundreds digit of 12173?
1
What is the tens digit of 788?
8
What is the ten thousands digit of 10581?
1
What is the tens digit of 441?
4
What is the units digit of 5406?
6
What is the hundreds digit of 12278?
2
What is the hundreds digit of 441?
4
What is the tens digit of 86986?
8
What is the units digit of 1826?
6
What is the units digit of 2865?
5
What is the units digit of 5705?
5
What is the units digit of 914?
4
What is the units digit of 2497?
7
What is the tens digit of 2511?
1
What is the tens digit of 83?
8
What is the thousands digit of 3074?
3
What is the ten thousands digit of 19342?
1
What is the ten thousands digit of 154277?
5
What is the units digit of 2407?
7
What is the ten thousands digit of 26163?
2
What is the units digit of 576?
6
What is the units digit of 3238?
8
What is the tens digit of 489?
8
What is the tens digit of 20167?
6
What is the hundreds digit of 10857?
8
What is the units digit of 3301?
1
What is the thousands digit of 16261?
6
What is the tens digit of 2616?
1
What is the units digit of 711?
1
What is the tens digit of 2330?
3
What is the hundreds digit of 5102?
1
What is the tens digit of 7621?
2
What is the units digit of 942?
2
What is the ten thousands digit of 23862?
2
What is the thousands digit of 2586?
2
What is the tens digit of 4938?
3
What is the units digit of 150146?
6
What is the thousands digit of 8773?
8
What is the units digit of 32103?
3
What is the thousands digit of 5066?
5
What is the hundreds digit of 655?
6
What is the ten thousands digit of 24858?
2
What is the hundreds digit of 26145?
1
What is the ten thousands digit of 19436?
1
What is the tens digit of 1587?
8
What is the ten thousands digit of 57622?
5
What is the tens digit of 25482?
8
What is the tens digit of 5322?
2
What is the hundreds digit of 5971?
9
What is the hundreds digit of 1379?
3
What is the hundreds digit of 6817?
8
What is the units digit of 495?
5
What is the tens digit of 3905?
0
What is the units digit of 80?
0
What is the units digit of 21161?
1
What is the hundreds digit of 70248?
2
What is the thousands digit of 16810?
6
What is the ten thousands digit of 19172?
1
What is the hundreds digit of 4173?
1
What is the hundreds digit of 8633?
6
What is the thousands digit of 4857?
4
What is the tens digit of 841?
4
What is the thousands digit of 12462?
2
What is the hundreds digit of 787?
7
What is the hundreds digit of 3444?
4
What is the hundreds digit of 2249?
2
What is the hundreds digit of 3833?
8
What is the units digit of 6849?
9
What is the ten thousands digit of 39679?
3
What is the units digit of 368?
8
What is the tens digit of 9468?
6
What is the tens digit of 61567?
6
What is the thousands digit of 41485?
1
What is the thousands digit of 4964?
4
What is the thousands digit of 45487?
5
What is the units digit of 1206?
6
What is the units digit of 335?
5
What is the units digit of 16801?
1
What is the hundreds digit of 1407?
4
What is the tens digit of 781?
8
What is the units digit of 99678?
8
What is the tens digit of 6677?
7
What is the hundreds digit of 32488?
4
What is the tens digit of 15466?
6
What is the ten thousands digit of 21792?
2
What is the units digit of 6248?
8
What is the hundreds digit of 471?
4
What is the units digit of 3351?
1
What is the thousands digit of 4560?
4
What is the thousands digit of 35263?
5
What is the hundreds digit of 688?
6
What is the thousands digit of 40160?
0
What is the tens digit of 76?
7
What is the hundreds digit of 34718?
7
What is the tens digit of 9568?
6
What is the hundreds digit of 12482?
4
What is the tens digit of 2090?
9
What is the tens digit of 7994?
9
What is the tens digit of 9770?
7
What is the hundreds digit of 3540?
5
What is the tens digit of 616?
1
What is the thousands digit of 48948?
8
What is the thousands digit of 1648?
1
What is the thousands digit of 136425?
6
What is the thousands digit of 88642?
8
What is the units digit of 2130?
0
What is the units digit of 15075?
5
What is the thousands digit of 3849?
3
What is the tens digit of 74528?
2
What is the units digit of 89585?
5
What is the hundreds digit of 3223?
2
What is the units digit of 20804?
4
What is the hundreds digit of 15106?
1
What is the hundreds digit of 1091?
0
What is the hundreds digit of 7711?
7
What is the tens digit of 21908?
0
What is the tens digit of 494?
9
What is the units digit of 307?
7
What is the tens digit of 44?
4
What is the hundreds digit of 5722?
7
What is the units digit of 230?
0
What is the hundreds digit of 300?
3
What is the units digit of 2299?
9
What is the ten thousands digit of 19729?
1
What is the units digit of 4148?
8
What is the hundreds digit of 101682?
6
What is the thousands digit of 84378?
4
What is the hundreds digit of 2935?
9
What is the hundreds digit of 541?
5
What is the thousands digit of 73451?
3
What is the tens digit of 11013?
1
What is the hundreds digit of 2524?
5
What is the tens digit of 4138?
3
What is the hundreds digit of 17744?
7
What is the tens digit of 7874?
7
What is the ten thousands digit of 35682?
3
What is the ten thousands digit of 24811?
2
What is the thousands digit of 23476?
3
What is the hundreds digit of 2494?
4
What is the ten thousands digit of 36275?
3
What is the thousands digit of 1289?
1
What is the units digit of 29477?
7
What is the thousands digit of 92269?
2
What is the hundreds digit of 3908?
9
What is the units digit of 2832?
2
What is the units digit of 6580?
0
What is the hundreds digit of 1076?
0
What is the thousands digit of 1163?
1
What is the units digit of 17260?
0
What is the thousands digit of 1012?
1
What is the hundreds digit of 14493?
4
What is the thousands digit of 2452?
2
What is the thousands digit of 93577?
3
What is the thousands digit of 1222?
1
What is the hundreds digit of 2297?
2
What is the ten thousands digit of 17455?
1
What is the hundreds digit of 32054?
0
What is the tens digit of 65488?
8
What is the tens digit of 44293?
9
What is the hundreds digit of 75458?
4
What is the ten thousands digit of 46283?
4
What is the hundreds digit of 1346?
3
What is the units digit of 40642?
2
What is the thousands digit of 16496?
6
What is the hundreds digit of 23976?
9
What is the thousands digit of 1777?
1
What is the hundreds digit of 47333?
3
What is the thousands digit of 2293?
2
What is the hundreds digit of 393?
3
What is the tens digit of 8279?
7
What is the thousands digit of 1859?
1
What is the hundreds digit of 165?
1
What is the hundreds digit of 6528?
5
What is the units digit of 14912?
2
What is the ten thousands digit of 13616?
1
What is the hundreds digit of 34249?
2
What is the tens digit of 55007?
0
What is the hundreds digit of 7622?